{"id":47,"date":"2017-01-18T17:34:26","date_gmt":"2017-01-18T16:34:26","guid":{"rendered":"http:\/\/www.agrospolutechovice.cz\/?page_id=47"},"modified":"2019-11-01T15:08:40","modified_gmt":"2019-11-01T14:08:40","slug":"kontakt","status":"publish","type":"page","link":"https:\/\/www.agrospolutechovice.cz\/","title":{"rendered":"Kontakt"},"content":{"rendered":"<p><em>e-mail pro zas\u00edl\u00e1n\u00ed da\u0148ov\u00fdch doklad\u016f:<\/em> <strong>uctarna@agrospolutechovice.cz<\/strong><\/p>\n<h6>Faktura\u010dn\u00ed \u00fadaje:<\/h6>\n<h3>AGROSPOL \u00daT\u011aCHOVICE spol. s r.o.<\/h3>\n<p>\u00dat\u011bchovice 41<\/p>\n<p>395 01<\/p>\n<p>I\u010c: 42371881<\/p>\n<p>DI\u010c: CZ 42371881<\/p>\n<p>Bankovn\u00ed spojen\u00ed: KB 392346261\/0100<\/p>\n<p>Tel.: 565 398 131<\/p>\n<p>e-mail: info@agrospolutechovice.cz<\/p>\n<p>web: <a href=\"https:\/\/www.agrospolutechovice.cz\" target=\"_blank\" rel=\"noopener\">https:\/\/www.agrospolutechovice.cz<\/a><\/p>\n<p><em><span style=\"color: #0000ff;\">GPS: 49.4778128N, 15.1173486E \u00a0<\/span><\/em><span style=\"color: #0000ff;\"><strong><a style=\"color: #0000ff;\" href=\"https:\/\/mapy.cz\/letecka?x=15.1173487&amp;y=49.4776107&amp;z=17&amp;source=addr&amp;id=11228579\" target=\"_blank\" rel=\"noopener\">Mapa<\/a><\/strong><\/span><\/p>\n<p>Provoz \u010c\u00ed\u017ekov<\/p>\n<p>\u010c\u00ed\u017ekov 8<\/p>\n<p>393 01<\/p>\n<p><em><span style=\"color: #0000ff;\">GPS: 49.4374819N, 15.1182397E \u00a0<\/span><\/em><span style=\"color: #0000ff;\"><strong><a style=\"color: #0000ff;\" href=\"https:\/\/mapy.cz\/s\/1n7KF\" target=\"_blank\" rel=\"noopener\">Mapa<\/a><\/strong><\/span><\/p>\n<p>Provoz \u00dat\u011bchovi\u010dky<\/p>\n<p>\u00dat\u011bchovi\u010dky 48<\/p>\n<p>395 01<\/p>\n<p><em><span style=\"color: #0000ff;\">GPS: 49.4656492N, 15.0991600E \u00a0<\/span><\/em><span style=\"color: #0000ff;\"><strong><a style=\"color: #0000ff;\" href=\"https:\/\/mapy.cz\/letecka?x=15.0991600&amp;y=49.4654469&amp;z=17&amp;source=addr&amp;id=11722015\" target=\"_blank\" rel=\"noopener\">Mapa<\/a><\/strong><\/span><\/p>\n<p>Jednatel\u00e9 spole\u010dnosti:<\/p>\n<p>V\u00e1clav P\u00e1ral<\/p>\n<p>tel.: +420 723 566 814<\/p>\n<p>e-mail: paral@agrospolutechovice.cz<\/p>\n<p>Miroslav Kapoun<\/p>\n<p>tel.: +420 602 236 276<\/p>\n<p>e-mail: kapoun@agrospolutechovice.cz<\/p>\n","protected":false},"excerpt":{"rendered":"<p>e-mail pro zas\u00edl\u00e1n\u00ed da\u0148ov\u00fdch doklad\u016f: uctarna@agrospolutechovice.cz Faktura\u010dn\u00ed \u00fadaje: AGROSPOL \u00daT\u011aCHOVICE spol. s r.o. \u00dat\u011bchovice 41 395 01 I\u010c: 42371881 DI\u010c: CZ 42371881 Bankovn\u00ed spojen\u00ed: KB 392346261\/0100 Tel.: 565 398 131 e-mail: info@agrospolutechovice.cz web: https:\/\/www.agrospolutechovice.cz GPS: 49.4778128N, 15.1173486E \u00a0Mapa Provoz \u010c\u00ed\u017ekov \u010c\u00ed\u017ekov 8 393 01 GPS: 49.4374819N, 15.1182397E \u00a0Mapa Provoz \u00dat\u011bchovi\u010dky \u00dat\u011bchovi\u010dky 48 395 01 GPS: [&hellip;]<\/p>\n","protected":false},"author":1,"featured_media":0,"parent":0,"menu_order":0,"comment_status":"closed","ping_status":"closed","template":"","meta":{"footnotes":""},"class_list":["post-47","page","type-page","status-publish","hentry"],"_links":{"self":[{"href":"https:\/\/www.agrospolutechovice.cz\/index.php?rest_route=\/wp\/v2\/pages\/47","targetHints":{"allow":["GET"]}}],"collection":[{"href":"https:\/\/www.agrospolutechovice.cz\/index.php?rest_route=\/wp\/v2\/pages"}],"about":[{"href":"https:\/\/www.agrospolutechovice.cz\/index.php?rest_route=\/wp\/v2\/types\/page"}],"author":[{"embeddable":true,"href":"https:\/\/www.agrospolutechovice.cz\/index.php?rest_route=\/wp\/v2\/users\/1"}],"replies":[{"embeddable":true,"href":"https:\/\/www.agrospolutechovice.cz\/index.php?rest_route=%2Fwp%2Fv2%2Fcomments&post=47"}],"version-history":[{"count":18,"href":"https:\/\/www.agrospolutechovice.cz\/index.php?rest_route=\/wp\/v2\/pages\/47\/revisions"}],"predecessor-version":[{"id":208,"href":"https:\/\/www.agrospolutechovice.cz\/index.php?rest_route=\/wp\/v2\/pages\/47\/revisions\/208"}],"wp:attachment":[{"href":"https:\/\/www.agrospolutechovice.cz\/index.php?rest_route=%2Fwp%2Fv2%2Fmedia&parent=47"}],"curies":[{"name":"wp","href":"https:\/\/api.w.org\/{rel}","templated":true}]}}